emainder when 12/4 - (v - 0) is divided by 26.
24
Suppose 2*h - 40 = 5*l, -3*l + 73 = 3*h - 29. Let f(a) = a**2 - 3*a + 4. Calculate the remainder when h is divided by f(4).
6
Suppose -7*k + 901 = -1115. Calculate the remainder when k is divided by 10.
8
Let a = -9 + 6. Let y(k) be the second derivative of -k**5/20 - k**4/6 - 3*k**2/2 - 29*k. What is the remainder when 20 is divided by y(a)?
2
Suppose -34*m + 832 + 1004 = 0. Calculate the remainder when m is divided by 30.
24
Let g(z) = 3*z**2 - 4 + 7*z**2 + 29*z - 8*z**2. Calculate the remainder when 40 is divided by g(-15).
7
Let c = 161 + -160. Let m = 18 - c. Calculate the remainder when m is divided by 4.
1
Suppose 630 = -8*k + 38*k. Calculate the remainder when 104 is divided by k.
20
Let s = 9 + -6. Suppose a = 5*m - s*a - 29, a - 49 = -5*m. Calculate the remainder when 15 is divided by m.
6
Let f(t) = -2*t**2 + 58*t + 41. Calculate the remainder when f(28) is divided by 30.
7
Calculate the remainder when 132 is divided by (-3484)/(-156)*(0 - -3).
65
Let i = -1490 + 1505. Calculate the remainder when 704 is divided by i.
14
Let y = -333 - -400. What is the remainder when y is divided by 7?
4
Let u be 2/(-4 + 28/8). Suppose 5*j - 117 = 23. Calculate the remainder when j is divided by (-1)/u + (-118)/(-8).
13
Let w = -113 - -139. Calculate the remainder when 115 is divided by w.
11
Suppose 6*m - 23 - 163 = 0. What is the remainder when 56 is divided by m?
25
Let v be (52*3/12)/(0 + 1). Let c = -9 + v. Calculate the remainder when 19 is divided by c.
3
Calculate the remainder when ((-13)/(65/(-10)))/(3/114) is divided by 46.
30
Let u(q) = 10*q**2 + 143*q - 16. What is the remainder when 977 is divided by u(-15)?
87
Suppose 3*u = -g + 25, -25 = -g - 2*u - 0*u. Suppose -g = -2*x + q, 5*x + 4*q - 79 = 3. Let t = -17 - -26. What is the remainder when x is divided by t?
5
Let i(f) = 9*f - 12*f + f**2 + 5*f - 13. What is the remainder when 6 is divided by i(-5)?
0
Let c be 5/(2 - 7) + 40. Let f = 55 - c. Suppose -2 = 2*w + 5*a - 9, -3*w = 2*a - f. Calculate the remainder when 9 is divided by w.
3
Suppose 4*g - 202 = -3*t, g = 2*t - 13 + 69. Let w = 110 - g. Calculate the remainder when w is divided by 14.
2
Let v = 2 + 11. Let w(h) = -126*h - 881. What is the remainder when w(-8) is divided by v?
10
Let y = 583 + -522. What is the remainder when 82 is divided by y?
21
Let c = -104 + 158. Suppose 2*x - 35 = 5*b, 5*x + 3*b - 57 + 16 = 0. What is the remainder when c is divided by x?
4
Let l = 7 + -5. Let j(r) = -r**2 + r. Let c be j(l). What is the remainder when 46 is divided by (-2 + 4)/(c/(-16))?
14
Let c = 1435 - 1277. Calculate the remainder when c is divided by 65.
28
Let n be (-8)/(3 - 28/12). Let y(w) = -8*w + 14. Let o be y(n). Suppose 5*k = -3*d + o, -k + 67 = 3*d - 27. What is the remainder when d is divided by 17?
13
Suppose -5*d = -58 - 77. Let i = 6 + -3. Calculate the remainder when d is divided by 16 + i*3/(-9).
12
Calculate the remainder when 122/6 - (-10)/(-30) is divided by 3.
2
Let h = 610 - 597. What is the remainder when 168 is divided by h?
12
Suppose -55 = a - 57. Suppose -g - a*g = 15, -127 = -3*d + 2*g. What is the remainder when d is divided by 10?
9
Let z be 1 + -2 - (-9 + 2). Calculate the remainder when 487/z + (-1)/6 is divided by 21.
18
Calculate the remainder when 7 - (1 - (-2)/2) is divided by 4/36 - (-280)/315.
0
Suppose 5*u + 9 - 65 = -2*i, 0 = 2*i - 6. Let f = -8 + u. Suppose 14 = f*b - 0*b. What is the remainder when 27 is divided by b?
6
Suppose 6*q + 6 = 8*q. Suppose -16 = d - q*d + 5*c, -c - 14 = -d. Calculate the remainder when 107 is divided by d.
17
Suppose 0 = 3*x - 5*r - 66, 3*x + 2*r - 66 = -0*x. Let v be (-111)/12 - (-4)/16. Let s = v + x. Calculate the remainder when s is divided by 4.
1
Suppose q - 112 = -q + 4*m, -9 = 3*m. What is the remainder when q is divided by 13?
11
Suppose -8*g + 813 = -5*g - 3*d, -2*g + d + 544 = 0. What is the remainder when g is divided by 4?
1
Suppose -3*m + 156 = 4*x - m, 5*m = 5*x - 210. What is the remainder when 170 is divided by x?
10
Let l be (1/(-2)*-8)/1. Let r be 150/54 + l/18. Suppose -x = -r*x + 14. Calculate the remainder when 26 is divided by x.
5
Suppose 293 = 56*l - 659. Calculate the remainder when 237 is divided by l.
16
Suppose 13*s - 21*s + 32 = 0. Let r = 23 - 14. What is the remainder when r is divided by s?
1
Let c = 894 - 789. What is the remainder when c is divided by 63?
42
Suppose 4*o - 124 = -4*b, 5*o - 155 = 8*b - 4*b. What is the remainder when o is divided by (-7)/((-35)/(-15)) + -1 + 15?
9
Suppose 2*n + 4*u - 32 = -3*n, 11 = -n + 5*u. Suppose -9 = -f + n. Suppose -3*j - 3*a + 15 = 0, 0*j + j = a + f. Calculate the remainder when j is divided by 3.
0
What is the remainder when 67 is divided by (-40)/3*(352/(-40) - -7)?
19
Suppose 0 = 37*u - 34*u. Suppose -2*j + 107 + 11 = u. What is the remainder when j is divided by 21?
17
Let z(v) = -v**3 - 3*v**2 - 3*v + 2. Let q(k) = k**3 - k**2 - 2*k + 3. Let o be q(3). Let p = -4 + o. Calculate the remainder when z(-4) is divided by p.
8
Let m(f) = -f**3 - 48*f**2 + 150*f - 140. What is the remainder when m(-51) is divided by 5?
3
Let x = -27 - -65. Suppose -208 = -y - 4*b - 190, 3*b + 39 = 3*y. Calculate the remainder when x is divided by y.
10
Let o = 1039 - 715. Suppose 3*h = g + 2*g + o, -4*h - g = -422. What is the remainder when h is divided by 12?
10
Suppose 6*x - 110 = 4*x. Let j = 258 + -239. Calculate the remainder when x is divided by j.
17
Calculate the remainder when 85 is divided by (-20)/6*-24 - 7.
12
Let m = 18 + -37. Let o be 28 + (-5 + -1)/(-2). Let r = o + m. Calculate the remainder when 21 is divided by r.
9
Suppose -2*x = -27 - 17. What is the remainder when 114 is divided by x?
4
Let p = -5 - -16. Let h = -776 + 850. Calculate the remainder when h is divided by p.
8
Calculate the remainder when 182 is divided by (60/(-15))/(1 - (-56)/(-54)).
74
Calculate the remainder when 231/(-3003) - (1 + 1522/(-13)) is divided by 11.
6
Let i(l) = -6*l - 3. Let o(s) = -s**2 + 12*s - 3. Let k be o(9). Let r = -28 + k. What is the remainder when 83 is divided by i(r)?
20
Let p = 4090 - 4076. What is the remainder when p is divided by 4/(-2)*-2*1?
2
Let k = 1 + 7. Suppose 4 = -2*z, -2*w + 4*z = -w + 3. What is the remainder when (26/(-4))/(w/22) is divided by k?
5
Calculate the remainder when 12/(-8)*4728/(-18) is divided by 44.
42
Suppose 29 = 2*j - 83. Let i(b) = 7*b**2 + b + 1. Let g be i(1). Suppose 2*n - 33 - g = -q, 2*n - 30 = 2*q. Calculate the remainder when j is divided by n.
18
Calculate the remainder when (10/25 - -2)*155 is divided by 25.
22
Suppose 72 = 20*z - 16*z. Calculate the remainder when 28 is divided by 45/4*24/z.
13
Let k = 678 - 382. Calculate the remainder when k is divided by 11.
10
Let w(h) = -4 - 5 - 2*h**2 + 0*h - h**3 - 3*h. What is the remainder when w(-4) is divided by 9?
8
Let v be 2/7 + (-1179)/(-63). Suppose 2*u + 2*u - 112 = -4*p, u - v = -4*p. Let k(b) = 3*b - 7. What is the remainder when u is divided by k(6)?
9
Let m = -560 + 921. What is the remainder when m is divided by 28?
25
Let i(b) = -b**3 - 3*b**2 - 3*b + 1. Let j be i(-2). Calculate the remainder when 115 - (12/j + -3) is divided by 29.
27
Suppose 0*b = 5*b - 20. Let j = -51 + 46. Calculate the remainder when b is divided by (-1)/(-4) + ((-35)/4)/j.
0
Let j = 15 + -10. Suppose 0*c = 2*c - 4*q - 676, -4*c + 1379 = q. Calculate the remainder when (-3)/(-15) + c/j is divided by 18.
15
Suppose -v - 6*v + 42 = 0. Suppose 3*h - 21 = -4*j, -3*h + 2*h - j = -v. Suppose -h*m = -94 - 23. Calculate the remainder when m is divided by 14.
11
Suppose 3*z - 136 = 53. Let m(j) = 4*j**3 - j**2 + 2*j - 1. Let d be m(1). Suppose d*y - z = y. What is the remainder when 61 is divided by y?
19
Suppose -4 = -11*h + 9*h. What is the remainder when 61 is divided by (-2)/(99/(-93) + h - 1)?
30
Suppose -6*y + 90 = -3*y. Let w be 34/(-8)*-12*1. Suppose -4 = -5*k + w. Calculate the remainder when y is divided by k.
8
Calculate the remainder when 308 is divided by (4/(-8))/(24/(-2496)).
48
Let f = 267 + -125. Let i = f + -87. Let g = 14 + 14. Calculate the remainder when i is divided by g.
27
Let q(s) = 44*s + 116. What is the remainder when q(0) is divided by 62?
54
Let a(k